*t - j. What is the units digit of t?
5
Let s = 10456 + -7426. What is the tens digit of s?
3
Let c(u) = -u**3 - 3*u**2 - 3*u - 1. Let j be ((-7)/(-21))/((-2)/12). Let g be c(j). What is the tens digit of (g + 2)/((-6)/(-102))?
5
Suppose -41979 - 7301 = -20*i. What is the tens digit of i?
6
Let v(x) = -x**3 - 10*x**2 + 10*x - 18. What is the tens digit of v(-12)?
5
Let m(f) = 2*f**2 + 12*f + 16. Let w be m(-5). Suppose 0*p - 1056 = -w*p. What is the hundreds digit of p?
1
Let h = 134 + -77. Suppose 2*b + 42 = 4*p, 4*b = 5*p - 0*b - h. Suppose p = 3*t + 3. What is the units digit of t?
2
Let z = 102 + -111. What is the tens digit of (170 - 2) + z/(-3)?
7
Let r be 2*2/(-4) + 5. Suppose -r*l = 3*f + 850, 7*f - 4*f - l = -830. What is the tens digit of f/(-8) + 2/8?
3
Let o = 43 - 41. Suppose o*t + 2*f - 230 = 6*f, 3*f + 234 = 2*t. What is the units digit of t?
3
Let s = -2733 + 3017. What is the units digit of s?
4
Suppose 45*a - 43*a + 4 = 0, -3*w + a = -2999. What is the tens digit of w?
9
Let z = 5591 + -2134. What is the tens digit of z?
5
Let n(x) = 2*x**2 + 2*x - 3. Let g be n(0). What is the units digit of 242 - 0/2*(g - -2)?
2
Let w(d) = 4 + 35*d + 0*d**2 - 32*d + 3*d**2. What is the units digit of w(-2)?
0
Suppose -41*j = -36*j + 4*v - 3514, 4*v + 2840 = 4*j. What is the tens digit of j?
0
Suppose 2*c - 38 = 3*j - 0*c, 0 = -4*c + 4. Let v = 39 + j. What is the units digit of v?
7
Let x(z) = z**2 + 10*z - 10. Suppose -2*k + 3*k - 12 = -2*m, -2*m - 6 = -2*k. What is the units digit of x(k)?
6
What is the tens digit of 8 - 27/9*-888?
7
Let o(i) = 14*i**3 + 4*i**2 - 4*i + 8. Let z be o(3). Suppose 2*r - z = -q - q, -5*r = -q + 175. What is the tens digit of q?
0
What is the units digit of -5 + 4/(-10*10/(-36525))?
6
Let d = -1452 - -2453. What is the hundreds digit of d?
0
Suppose -b - 136 = g, 3*b + 246 = -5*g - 162. Let f = 37 + b. What is the units digit of (-4)/(-10) - f/15?
7
Let l(i) = -i**3 + 21*i**2 - 12*i - 12. Let c be l(20). Suppose -c = -f - f. What is the units digit of f?
4
Let z(x) = x**2 + 15*x + 66. What is the hundreds digit of z(13)?
4
Let c(p) = -p + 7. Let l be c(7). Let x be 10/4 - (-7)/14. Suppose -2*r + l*r - 8 = -2*d, x = -r. What is the units digit of d?
1
Let u(m) = 3*m - 3. Let l be u(2). Suppose -b - b + l*c = 2, c - 12 = -5*b. Suppose 0 = -b*d + 10, -q - q + 3*d + 19 = 0. What is the units digit of q?
7
Let a(j) = -j + 4 + 3 - 1 - 9. Let z be a(-4). What is the units digit of z + (-7 - -3)*-18?
3
Suppose 0 = 2*y + 2*y - 12. Suppose y*w = w. Suppose -2*z = 5*k - 48, 24 = -w*k + 5*k - 4*z. What is the units digit of k?
8
Let w = 856 + -479. What is the tens digit of w?
7
Let j(i) = -i**2 + 3*i + 2. Let n(s) = -s**2 + 9*s - 3. Let c be n(8). Let z be j(c). What is the tens digit of z/(-6)*(-456)/(-16)?
3
Suppose 4*i - 24*z + 21*z = 15891, -5*i - 2*z + 19881 = 0. What is the hundreds digit of i?
9
Suppose -7*v + 56 = 7*v. Suppose -3*h + 108 = 5*b - h, 3*b + v*h = 62. What is the units digit of b?
2
Let u(a) = a**2 + 8*a + 8. Let d be u(-7). Let q(j) = -j**3 + 5*j**2 - j + 6. Let k be q(5). What is the units digit of k/(d - (-48)/(-50))?
5
Let r(i) = i**2 + 14*i - 34. Let n be r(-16). What is the tens digit of n + 6 + 3 + 191?
9
Let i = 112 - -994. What is the units digit of i?
6
Suppose 3*y = -5*r + 19, -r = y + r - 8. Suppose 6*o = 2*o + 28. What is the units digit of o/y*(-2)/1?
7
Let r = 9 + -4. Suppose 3*n - 29 = 4*l, 0 = r*l - 4*n + 53 - 16. What is the units digit of (l/(-2))/((-13)/(-26))?
5
Let f be ((-1)/(-4))/((-3)/12). Let x = 3 - f. Suppose 28 = w + 2*q, x*w - 76 = w - 4*q. What is the tens digit of w?
2
Let y(g) = 1 + g**2 - 7*g + 3 + 8. Let m = 53 + -45. What is the tens digit of y(m)?
2
Let q(t) = -t**2 + 2*t - 6. Let k be q(4). Let w be 4/6 - 128/(-6). Let z = k + w. What is the units digit of z?
8
What is the hundreds digit of 636 + 5 + 8 + -11?
6
Let j(i) = 4*i - 11. Let q(r) = -r - 1. Let t(d) = -j(d) - 3*q(d). What is the units digit of t(-8)?
2
Suppose 0 = 7*z - 15*z + 1352. What is the units digit of z?
9
Let v = -34 + 40. Suppose 56 = -v*o + 440. What is the units digit of o?
4
What is the tens digit of (13/3 + 3 + -6)*300?
0
Let d = -558 - -1288. What is the tens digit of d/10 - -2*1?
7
Let s be -4 + (-2 - -2) - -25. Suppose s = -b + 70. What is the tens digit of 6/(-24) - b/(-4)?
1
Suppose n = 30 - 26, 1884 = 5*g - 4*n. What is the tens digit of g?
8
Let w(d) = -3*d**2 + d. Let p be w(-5). Suppose 0 = -3*g + 7*g + 180. Let j = g - p. What is the units digit of j?
5
Let n = 255 - 241. Let p = 18 - 13. Suppose p*a - 6*a + n = 0. What is the units digit of a?
4
What is the tens digit of -1 + (-496)/(-10) - 4/(-10)?
4
Let k(f) be the first derivative of -f**3/3 + f**2/2 + 7*f - 1. Suppose 0 = -222*d + 216*d. What is the units digit of k(d)?
7
What is the tens digit of (590/(-35))/((-9)/((-315)/(-10)))?
5
Let l(r) = -r**2 + 7*r - 6. Let d be l(5). Suppose 2*p - 6 = -d. Let m(u) = 39*u**3 - 2*u + 1. What is the units digit of m(p)?
8
Let z = 8 + 0. Suppose z*w - 2*l - 17 = 3*w, 0 = 3*w - l - 11. What is the tens digit of 1/(0 + w/280)?
5
Suppose 10 = 5*p - 5. Suppose d - t - 4*t = 103, -p*t - 412 = -4*d. What is the tens digit of d?
0
Let z = -3 + 6. Suppose -z*c + 158 = -13. Let v = c - 39. What is the tens digit of v?
1
Suppose 2*t + 2*t = -3*j + 13, -3*t - 9 = -4*j. Suppose 2*w = 2*c - 1 - 7, -j*c - 12 = 3*w. Suppose -4*u - 18 + 86 = c. What is the units digit of u?
7
Let x(f) = f**2 + 3*f. Let q be x(-3). Suppose 0 = -h + 5*l + 18, -3*h - 4*l = -q*l - 130. What is the units digit of h?
8
Let z = 10 - 6. Suppose 0 = -3*b + z*x + 42, 2*x + 21 = b + 7. What is the units digit of b?
4
Let b = -45 + 121. Suppose 14 = l - b. What is the units digit of l?
0
Suppose -10*j = -333 - 1197. What is the hundreds digit of j?
1
Suppose 0*n + 2 = -4*n + 5*z, 2*z = 4. What is the hundreds digit of ((-211)/(-2))/(1/n)?
2
Suppose 0 = -j + 5*v + 246, 3*j - 4*v = -0*j + 716. What is the units digit of 2 + (-4 - -1) + 1 + j?
6
Suppose -2050 = -2*o + 588. What is the hundreds digit of o?
3
Let j(v) = 39*v**3 + v**2 + 2*v - 3. What is the units digit of j(1)?
9
What is the thousands digit of (120/80)/((-3)/(-2218))?
1
Let o(w) = 424*w + 68. What is the hundreds digit of o(2)?
9
Let p be ((-6)/3)/(((-26)/132)/13). Suppose -4*i = 4*a - p, 0*i - 5*i - 145 = -5*a. What is the units digit of a?
1
Let u be 2 + 0 - 12/(-4). Suppose 6 = 3*q + 2*q + 2*m, 3*m = -u*q + 4. Suppose 34 = q*z + 2*i, -3*z = i - 0*i - 55. What is the tens digit of z?
1
Let k = 15 + -10. Let g be (10/(-4))/k*2. What is the tens digit of g/(2 - 3) - -13?
1
Let v(n) be the third derivative of -n**4/12 - n**3/3 + 2*n**2 - 28. Suppose -4*g - 34 + 10 = 0. What is the tens digit of v(g)?
1
Let k be 3622/10 - 6/30. Suppose 4*u + 3*s = -0*u + 367, -4*u + 2*s = -k. What is the tens digit of u?
9
What is the tens digit of 10/(-2*(-159)/156 + -2)?
6
What is the units digit of 1 + 3681/54 + (-3)/18?
9
Let r(t) = -t**3 + 14*t**2 + 14*t + 118. What is the tens digit of r(15)?
0
Let s be ((-3 - -54) + -1)/2 - 1. Suppose -108 = -2*x + s. What is the tens digit of x?
6
Let q be 20 + (0 + -1 - -1). Let l = 1776 - 1780. Let h = l + q. What is the tens digit of h?
1
Let r(q) = -3*q**3 - 2*q**2 - 2*q - 1. Let h be r(-3). Let p(w) = w - 2. Let s be p(2). Suppose 0 = 2*v - s - h. What is the tens digit of v?
3
Let c = -40 - -49. Let s = c + 14. What is the units digit of s?
3
Suppose -3*n + 35 = -43. Suppose -2 = -o - 0. Suppose n - 66 = -b - o*k, 0 = -2*k. What is the units digit of b?
0
Let c(s) = -7*s**2 + 9*s - 11. Let v be c(5). Let k = -66 - v. What is the units digit of k?
5
Suppose -101430 = -0*y - 45*y. What is the tens digit of y?
5
Let i(a) = -375*a + 6. What is the hundreds digit of i(-3)?
1
Let t(q) = -13*q**2 + 4 + q**3 + 2 + 0 + 12*q + 0*q**3. What is the units digit of t(12)?
6
Suppose -18*l + 11484 = -75114. What is the thousands digit of l?
4
Suppose 3*f = 0, 3*f + 26 = -3*g + 101. What is the tens digit of g?
2
Let h = -204 - -315. What is the hundreds digit of h?
1
Let u be (-1)/(-10) + 3/(-30). Suppose 4*l - 132 = 3*d, u = 3*l - 7*l - 2*d + 152. What is the units digit of l?
6
Suppose 2*v = -2*s - 108, 4*s + 2*v - 5*v = -202. Let x = 34 - s. What i